factors of o.
2, 7
Suppose -a + 8*a = 1085. What are the prime factors of a?
5, 31
Suppose -20 = 5*v, i + 3*v + 28 = -3*i. What are the prime factors of ((-328)/32)/(1/i)?
41
Suppose 0 = -3*x + 784 - 247. List the prime factors of x.
179
Let u(l) = 20*l**3 + 8*l**2 - 5*l + 17. Let z(s) = -7*s**3 - 3*s**2 + 2*s - 6. Let n(f) = 6*u(f) + 17*z(f). What are the prime factors of n(3)?
2, 3
Let c(a) = 4*a**2 + a. Let f be c(-1). Let z(u) = -u**3 + 4*u**2 - 3. List the prime factors of z(f).
2, 3
Suppose 0 = 7*h - 3*h. Let n be (h/2 - 10)*-1. List the prime factors of (32/n)/((-2)/(-10)).
2
Suppose 4*l = 10 + 6. Suppose -3*n + 19 = -5*r, n - 5*n + l*r = -28. List the prime factors of n.
2
Let b(t) be the third derivative of t**6/120 - 3*t**5/20 + t**4/24 - 2*t**3/3 - t**2. What are the prime factors of b(9)?
5
Let b = -131 - -241. List the prime factors of b.
2, 5, 11
Suppose y + 1 = 0, -5*h + y + 6 = 35. What are the prime factors of -10*(3 + h - -2)?
2, 5
Suppose 3*l = -2*l + 30. Let p(b) = b**2 - 7*b + 9. Let v be p(l). Suppose -5*j - 65 = -3*o, 0 = -5*o + 6*j - v*j + 103. List the prime factors of o.
2, 5
Let h be 0 - -1 - (-11 + 0). Let q = h - 4. What are the prime factors of 2/q - (-22)/8?
3
Let d = 101 + -64. List the prime factors of d.
37
Let o(y) = y**2 + y - 1. Suppose 3*k = 5 - 2. Let q be o(k). List the prime factors of 19/2 - q/2.
3
Suppose -2 = 2*o - 72. Suppose 4*u = -u - 4*t + 146, -u + 5*t = -o. What are the prime factors of u?
2, 3, 5
Let l = -6 - -10. Let n be (-3)/(-6) + 218/l. Suppose 0*s = 5*s - n. List the prime factors of s.
11
Suppose 5*g + 100 = 9*g. List the prime factors of g.
5
Let f = 77 - 20. List the prime factors of f.
3, 19
Let f be 18/5*(-30)/(-4). Suppose -2*v + f = 5*r, r + 3*v + 2 = 2*r. Suppose -5 = -r*a, 9*a + 13 = 3*q + 4*a. List the prime factors of q.
2, 3
List the prime factors of (-14)/70 + (-1082)/(-10).
2, 3
Suppose -123 = 5*h - 8*h. What are the prime factors of h?
41
Let j be ((-2)/2)/(3/(-12)). Let f = 9 - j. What are the prime factors of f?
5
Let n be -5*(-5)/2*4. Suppose p - 3*l - n = 0, 26 = -4*p - 3*l + 166. What are the prime factors of p?
2, 19
Suppose -829 - 1362 = -7*h. What are the prime factors of h?
313
Let v = -293 + 614. List the prime factors of v.
3, 107
Suppose 0 = -5*q + 51 + 19. Let h(r) = r**3 + 3*r**2 + 2*r + 2. Let a be h(-2). Let d = q - a. List the prime factors of d.
2, 3
Let d(i) = 3*i**2 + 5*i + 12. Let n(g) = 4 - 2*g**2 + 3*g**2 + 0*g + 2*g. Let u(w) = -2*d(w) + 7*n(w). List the prime factors of u(-5).
3
Let b(y) = y**2 - 12*y + 14. Suppose -4*r - 162 = -r. Let l be ((-4)/6)/(3/r). What are the prime factors of b(l)?
2, 7
Suppose -4*w + 3*y = -507, -5*y - 630 = -6*w + w. List the prime factors of w.
3, 43
Let t(z) = 2*z + z - 3 + 4*z + 0. List the prime factors of t(4).
5
Let p = 464 + -175. List the prime factors of p.
17
Let n(p) = p**3 - 11*p**2 + 9*p + 14. Let j be n(10). Suppose -3*w + 8*w - 58 = -j*b, 3*b - 16 = -w. List the prime factors of w.
2, 5
Suppose -3*g = -0*g - 12. Suppose 2*c + 4*s = -c + 25, -24 = -4*c + g*s. Suppose c*p = 3*p + 48. What are the prime factors of p?
2, 3
Let s = -27 + 38. Suppose -3*k - s = -29. What are the prime factors of k?
2, 3
What are the prime factors of (-21078)/(-117) + 1*(-2)/13?
2, 3, 5
Let a be (-2)/6*-3 - -2. Let l be 0*a/(-18)*-3. Let z = 5 - l. List the prime factors of z.
5
Let n = 7 + 30. List the prime factors of n.
37
What are the prime factors of 1740/14 + (-2)/7?
2, 31
Let v(u) = u + 3. Let b be v(-3). Suppose -3*x = r + 13, 2*x + b*x = 5*r - 20. What are the prime factors of r?
2
Suppose l = -0*l + b + 19, -4 = b. Suppose -d = -l - 3. List the prime factors of d.
2, 3
Let q = -123 + 174. What are the prime factors of q?
3, 17
Suppose -5*b + 4*b = 17. Let n = b - -73. Suppose k = 2*g - 17, 5*k + n = 2*g + 19. List the prime factors of g.
2, 3
Suppose 0 = -4*c - c + 20. Suppose 2*z + 12 = c*g - 48, 0 = -g + 4*z + 29. What are the prime factors of g?
13
Suppose 3 = -5*n + 8. Suppose -31 = -2*h - n. List the prime factors of -3 + h/3*3.
2, 3
Let u(w) = -3 + 0*w + 5*w - 3*w. Let s be u(4). Let j = s - -1. What are the prime factors of j?
2, 3
List the prime factors of (-2 - (-3)/2)*-50.
5
Let z = 220 - 119. List the prime factors of z.
101
Let r(y) = -4*y + 6. Let a = 11 + -16. List the prime factors of r(a).
2, 13
Let j = 37 + -24. Suppose -5*l + 3*l + z + j = 0, 2*l - 3*z - 7 = 0. What are the prime factors of 46/l + (-1)/(-4)?
2, 3
Let n(z) = -z**2 + 3*z - 2. Let r be n(2). Suppose 3*g - a - 30 = 0, 5*g + 3*a + r*a - 50 = 0. What are the prime factors of g?
2, 5
Suppose x = -8*u + 3*u + 71, 5*u + 81 = x. Suppose 118 = 5*j - k + 23, x = 4*j - 4*k. What are the prime factors of j?
19
Let s be (3 + -1)/(0 - 1). Let k(g) = g + 4. Let u be k(s). Suppose 3*z = -u*z + 35. What are the prime factors of z?
7
Let d = -3 + 8. Let q = -4 + d. Let f(b) = 4*b**3 + 2*b**2 - 2*b + 1. What are the prime factors of f(q)?
5
Let k = -126 - -204. List the prime factors of k.
2, 3, 13
Suppose -4*s - 2*u = -7*u - 91, 54 = s + 5*u. What are the prime factors of s?
29
Suppose 0 = 5*s - 4*w - 231, -5*s + 0*w + 233 = -2*w. List the prime factors of s.
47
Let n(c) = -c**2 + c + 6*c**3 - 3*c**3 - 2 + 3*c**2 - 4*c**3. Let u be n(2). Suppose 3*g + u*q = -q + 20, -q = -5. List the prime factors of g.
5
Let d(f) = -f**3 - f**2 + 3*f - 4. Let u be d(-3). Suppose -v - 2*v = u*a - 32, -2*a = -5*v + 43. List the prime factors of v.
3
Let u(t) be the second derivative of -t**5/20 + t**4/3 - t**3/3 - t**2/2 - t. What are the prime factors of u(3)?
2
Let o(w) = w**3 - 4*w**2 + 4*w - 9. Let i be o(6). Let d = -37 + i. Suppose 3*m + 2*m - d = 0. List the prime factors of m.
2, 5
Let d(v) = -v + 4. Let s be d(-5). Suppose 3*u - 5*r = 27, -r = -u - 5*r + s. What are the prime factors of u?
3
Let k(c) = 3*c**2 - c - 12. List the prime factors of k(-10).
2, 149
Let h(k) = -43*k - 1. Let o be h(-1). Suppose 5*i = 33 + o. What are the prime factors of i?
3, 5
Suppose -3*z + 5*v = -0*v - 38, 5*v + 44 = 4*z. List the prime factors of z.
2, 3
Suppose 46 = 3*z - 5*a + 9, 4*a + 28 = 2*z. Let k = 9 - z. What are the prime factors of k*(-3)/(30/(-16))?
2
Suppose -5*n + 3*n = -34. Let m = n - 9. List the prime factors of m.
2
Let m = -17 - -44. Let n = m + -18. What are the prime factors of n?
3
Let p(i) = i**3 + 6*i**2 + i + 5. Let z be p(-6). Let m = z - -9. Suppose -5*g + 48 = m. List the prime factors of g.
2
Let x = 123 + 31. What are the prime factors of x?
2, 7, 11
Let v(b) = 28*b**3 + b - 1. What are the prime factors of v(1)?
2, 7
Let q = -3 - 6. Let k = 2 - q. What are the prime factors of k?
11
Let c(s) = -6*s + 12. Let p = 2 + -7. Let j(m) = -m. Let t(n) = p*j(n) + c(n). List the prime factors of t(5).
7
Let h = -34 - -70. What are the prime factors of h?
2, 3
Let m(j) = 5*j**2 - 2*j - 1. List the prime factors of m(3).
2, 19
Suppose 14 = 3*u + 5. Suppose 4*p = -5*d + 45, 10 = -4*d - u*p + 45. Suppose -2*n + 3*n - 2*m = 8, -d*n = 3*m - 1. List the prime factors of n.
2
List the prime factors of (-1552)/(-10) + 14/(-70).
5, 31
Suppose -t = -5*t + 56. Suppose -t = v + v. What are the prime factors of (-2)/(-8) - v/4?
2
Suppose -5*w = -3*o + 6 + 181, 245 = 5*o + 5*w. Suppose -2*c + 10 + o = 0. What are the prime factors of c?
2
Suppose -13 = -5*i + 12. Let z = 6 - i. Let t(f) = 11*f**3 + f**2 - f. What are the prime factors of t(z)?
11
Suppose 5*z = -v - 6 - 20, 8 = -z - 3*v. Let s(n) = -2*n - 3. Let h be s(-6). Let f = h + z. List the prime factors of f.
2
Let d be (30/4 + 1)*-6. Let q = -28 - d. List the prime factors of q.
23
Suppose -l = l - 36. List the prime factors of l.
2, 3
Suppose -25 = -8*a + 3*a. Let f(b) = b**3 - 6*b**2 + 3*b + 4. Let q be f(a). Let w = q + 17. List the prime factors of w.
11
Let q(v) = v**3 + 5*v**2 - 4*v - 4. Let l(o) = o**2 + o. Let p(z) = l(z) - q(z). List the prime factors of p(-5).
2
Suppose 0 = 3*q + 3, y = 2*y + 4*q - 5. Suppose 0 = -0*z - 3*z + y. Suppose 10 = -z*u + 3*b + 37, 0 = -u + 5*b + 21. What are the prime factors of u?
2, 3
Suppose 5*m = 10*m. Suppose m = -i + 4 + 43. List the prime factors of i.
47
Let l = -7 + 20. List the prime factors of l.
13
Let v be (-1)/4*-6*2. Suppose -v*l = 18 + 42. Let y = -11 - l. What